l(13).
-25
Let l(a) = 3*a**2 - 130*a + 115. Give l(42).
-53
Let i(k) = -55*k**2 + 773*k - 31. Calculate i(14).
11
Let f(w) = -14*w - 300. Give f(-21).
-6
Let i(t) = 3*t**2 + 234*t + 3858. Calculate i(-54).
-30
Let b(v) = -v**3 - 40*v**2 + 85*v + 72. Calculate b(-42).
30
Let h(m) = -m**3 - 2*m**2 + 17*m + 16. Calculate h(-8).
264
Let c(i) = -8*i**2 + 467*i - 180. Give c(58).
-6
Let w(v) = v**2 - v + 25. Determine w(0).
25
Let a(y) = -49*y - 65. Determine a(-8).
327
Let h(p) = 2*p**2 + 13*p - 203. Give h(-13).
-34
Let r(o) = o**3 - 86*o**2 - 211*o + 3089. Give r(88).
9
Let i(k) = 3*k**2 + 286*k + 1940. Determine i(-88).
4
Let a(n) = n**3 - 3*n**2 + 118*n - 3220. Calculate a(13).
4
Let y(n) = -4*n**2 - 192*n - 183. What is y(-47)?
5
Let v(l) = 85*l - 3649. Calculate v(43).
6
Let n(v) = 2*v**3 - 14*v**2 + 3*v - 6. Determine n(11).
995
Let c(o) = -115*o - 2915. Determine c(-26).
75
Let v(o) = 24*o + 4. Give v(0).
4
Let v(q) = -22*q + 432. What is v(20)?
-8
Let r(c) = 82*c - 512. Give r(6).
-20
Let f(j) = 35*j + 411. Determine f(-12).
-9
Let n(p) = p**3 + 6*p**2 - 3*p + 91. Determine n(-8).
-13
Let y(u) = u**2 - 27*u + 108. Determine y(7).
-32
Let w(p) = -17*p**2 - 2404*p + 1423. Determine w(-142).
3
Let z(x) = -3*x**2 + 75*x - 341. Determine z(0).
-341
Let h(b) = -24*b - 197. Determine h(-11).
67
Let h(z) = z**2 + 79*z + 1553. Give h(-37).
-1
Let r(f) = -f**3 - 13*f**2 + 3612*f + 50360. What is r(-14)?
-12
Let r(o) = o**3 - 17*o**2 + 33*o - 22. What is r(15)?
23
Let z(w) = -47*w - 1014. What is z(-21)?
-27
Let v(f) = -55*f**3 + 4*f**2 + 2*f - 2. Give v(1).
-51
Let v(l) = -86*l - 1159. Give v(-10).
-299
Let n(u) = -u**3 - 23*u**2 - 71*u + 44. Calculate n(-5).
-51
Let i(u) = -11*u + 104. Give i(8).
16
Let j(m) = 28*m - 2136. Give j(76).
-8
Let t(u) = -114*u - 1482. Give t(-16).
342
Let o(b) = b**3 - 77*b**2 - 236*b - 86. Give o(80).
234
Let y(m) = -3*m**2 + 20*m - 9. Calculate y(7).
-16
Let f(y) = -y**2 + 350*y + 8571. Determine f(-23).
-8
Let x(h) = 187*h - 2429. Determine x(13).
2
Let x(o) = o**3 - 16*o**2 + 54*o + 2. What is x(10)?
-58
Let i(c) = -4*c**2 + 59*c - 181. What is i(3)?
-40
Let z(f) = -33*f**2 + 241*f + 2. What is z(7)?
72
Let f(a) = a**3 - 23*a**2 + 35*a - 190. What is f(22)?
96
Let z(h) = -h**3 + 28*h**2 - 184*h + 62. Determine z(18).
-10
Let k(j) = j**2 - 15*j - 24. What is k(6)?
-78
Let b(i) = i**3 + 53*i**2 + 104*i + 30. Calculate b(-51).
-72
Let u(q) = 2*q + 28. What is u(-9)?
10
Let g(c) = 49*c + 1845. Determine g(-39).
-66
Let h(w) = w**3 - 8*w**2 - 9*w + 112. What is h(3)?
40
Let z(t) = -t**3 - 146*t**2 - 1233*t + 13. Give z(-137).
13
Let i(o) = -o**3 + 29*o**2 - 167*o + 7. Give i(8).
15
Let l(q) = 10*q + 22. What is l(2)?
42
Let m(u) = -5*u**3 - 13*u**2 - 35*u - 115. Calculate m(-3).
8
Let a(m) = -3*m**2 - 28*m - 31. Calculate a(-8).
1
Let w(c) = 2*c**2 - 193*c - 4936. Give w(-21).
-1
Let k(o) = -o**3 - 2*o**2 + 38*o - 24. Calculate k(-7).
-45
Let k(g) = -g**3 - 15*g**2 - 8*g + 50. What is k(-11)?
-346
Let b(i) = i**2 + 86*i - 757. Determine b(8).
-5
Let m(r) = 4*r - 693. What is m(80)?
-373
Let p(a) = -16*a - 997. Give p(-63).
11
Let o(g) = 50*g + 1706. Calculate o(-34).
6
Let a(g) = -g**3 + 9*g**2 - 9*g + 28. Determine a(7).
63
Let m(x) = x**3 - 25*x**2 - 53*x - 27. Calculate m(27).
0
Let n(k) = 25*k - 278. Give n(12).
22
Let s(u) = -367*u + 1824. What is s(5)?
-11
Let r(k) = -37*k**3 + k**2 - 1218*k + 1216. Determine r(1).
-38
Let t(o) = o**3 + o**2 + 141*o + 608. Determine t(-4).
-4
Let s(u) = 1926*u - 157932. What is s(82)?
0
Let t(j) = 37*j - 266. Calculate t(7).
-7
Let c(r) = 8*r**2 - 128*r + 192. What is c(14)?
-32
Let p(n) = 41*n**2 + 213*n - 11. What is p(-6)?
187
Let m(b) = -5*b**3 - 311*b**2 - 50*b + 708. Determine m(-62).
-36
Let b(k) = -3*k**2 + 76*k - 179. What is b(21)?
94
Let i(q) = -371*q - 2234. What is i(-6)?
-8
Let y(g) = -1805*g + 43314. What is y(24)?
-6
Let o(w) = w**3 + 21*w**2 + 66*w + 191. Calculate o(-18).
-25
Let p(v) = 26*v + 215. Determine p(-9).
-19
Let o(w) = -18785*w + 30. Calculate o(0).
30
Let h(l) = -172*l + 342. Give h(5).
-518
Let g(o) = 77*o - 1921. Determine g(24).
-73
Let d(z) = -17*z**2 + 7*z + 23. Give d(-5).
-437
Let m(x) = x**3 - 19*x**2 - 13*x - 46. Calculate m(20).
94
Let n(i) = 2*i**2 - 125*i - 992. Calculate n(70).
58
Let c(b) = b**3 - 45*b**2 - 194*b - 116. Calculate c(49).
-18
Let a(r) = 6*r**2 + 698*r + 2754. What is a(-4)?
58
Let i(b) = -b**2 + 9*b - 9. Determine i(6).
9
Let w(i) = -100*i + 1966. Give w(20).
-34
Let m(z) = 183*z + 979. Calculate m(-6).
-119
Let h(n) = -2*n**2 - 178*n + 216. What is h(-90)?
36
Let z(j) = 2*j**3 - 9*j**2 + 15*j - 33. Determine z(4).
11
Let c(a) = 28*a + 137. What is c(-21)?
-451
Let g(i) = -618*i + 8008. What is g(13)?
-26
Let u(l) = -l**2 - 1518*l - 43184. Give u(-29).
-3
Let l(h) = -104*h - 458. Give l(-4).
-42
Let p(u) = -u**3 + 54*u**2 + 103*u + 509. Give p(56).
5
Let l(w) = -2*w**3 + 159*w**2 - 942*w - 510. Calculate l(73).
1
Let d(h) = -2154*h + 4403. Determine d(2).
95
Let w(v) = -2*v**2 - 68*v + 1. Calculate w(-35).
-69
Let g(y) = 9*y - 96. What is g(17)?
57
Let p(z) = -z**2 + 20*z - 37. Determine p(25).
-162
Let h(d) = d**2 - 38*d - 12. Calculate h(26).
-324
Let k(f) = -8*f + 277. Calculate k(2).
261
Let k(n) = n**3 + 105*n**2 + 195*n - 1148. Calculate k(-103).
-15
Let z(y) = -y**3 + 91*y**2 + 283*y - 122. Determine z(94).
-28
Let y(v) = -20*v - 12. Give y(2).
-52
Let r(m) = m**3 - 10*m**2 + 28*m - 273. What is r(10)?
7
Let j(o) = -22*o**3 - 2*o**2 - 20*o - 19. Calculate j(-1).
21
Let t(q) = -6*q - 68. Calculate t(-12).
4
Let v(c) = -c**2 + 322*c + 5664. What is v(-17)?
-99
Let h(b) = b**3 + 7*b**2 - 29*b. Determine h(-9).
99
Let n(x) = -x**3 - x**2 + 5*x - 22. Give n(-5).
53
Let t(d) = -2*d**2 - 411*d - 2823. Give t(-7).
-44
Let o(w) = 367*w - 1811. Give o(5).
24
Let h(i) = i**3 - 37*i**2 + 164*i - 98. Calculate h(31).
-780
Let b(x) = 3*x**2 - 90*x + 83. Calculate b(29).
-4
Let f(p) = -p**3 - 47*p**2 + 9*p + 29. What is f(-47)?
-394
Let j(v) = v + 35. What is j(-18)?
17
Let l(c) = c**3 + 45*c**2 + 117*c - 375. Calculate l(-42).
3
Let c(a) = -21*a + 87. What is c(-2)?
129
Let w(q) = 27*q - 596. What is w(23)?
25
Let r(t) = t**2 + 79*t - 4914. Calculate r(-120).
6
Let x(w) = 6*w**2 - 5*w + 157. Calculate x(0).
157
Let o(i) = -7*i + 83. Determine o(11).
6
Let r(f) = 139*f - 10389. Determine r(74).
-103
Let f(u) = u**3 - 9*u**2 + 4*u + 5. Calculate f(3).
-37
Let z(x) = x**3 + 8*x**2 - 7*x + 41. Give z(-9).
23
Let f(d) = -13*d**3 - 365*d**2 - 29*d - 52. What is f(-28)?
-24
Let m(y) = -y**3 - 3*y**2 + 81*y + 127. Determine m(-10).
17
Let n(l) = -12*l + 469. What is n(17)?
265
Let r(d) = -d**2 + 969*d - 32694. Give r(35).
-4
Let n(t) = -4493*t + 8993. Calculate n(2).
7
Let b(y) = -352*y - 31. Give b(1).
-383
Let y(g) = 536*g + 2140. Give y(-4).
-4
Let o(l) = -2*l**3 + 52*l**2 - 3*l + 35. Determine o(26).
-43
Let g(t) = 108*t + 760. What is g(-12)?
-536
Let m(k) = -602*k - 607. Determine m(-1).
-5
Let n(o) = -2*o**3 + 20*o**2 + o - 25. Give n(10).
-15
Let r(j) = j**3 - 40*j**2 + 66*j - 4383. What is r(41)?
4
Let b(g) = g**2 + 33*g + 91. Determine b(-37).
239
Let f(r) = r**2 + 1107*r - 6674. Calculate f(6).
4
Let h(x) = x**3 - 20*x**2 + 87*x - 17. What is h(7)?
-45
Let c(f) = f**3 + 21*f**2 - 874*f + 332. Calculate c(-42).
-4
Let s(r) = -100*r - 4409. Determine s(-44).
-9
Let f(c) = -39*c - 136. Determine f(-6).
98
Let w(b) = 2053*b + 14366. Give w(-7).
-5
Let s(t) = 2*t**3 - 71*t**2 + 491*t + 86. What is s(26)?
8
Let q(p) = 2*p**3 - 201*p**2 + 58*p + 4129. Calculate q(100).
-71
Let m(h) = h**3 - h**2 - 9*h + 34. Give m(5).
89
Let x(w) = -3*w**3 + 5*w**2 - 59*w + 167. Give x(3).
-46
Let x(l) = 375*l - 2997. Give x(8).
3
Let v(o) = -2*o**2 + 206*o + 640. What is v(-3)?
4
Let i(z) = -z**2 - 35*z + 46. What is i(-17)?
352
Let m(n) = 6*n**3 + 2*n**2 + 21. Determine m(-3).
-123
Let s(t) = 60*t - 314. Calculate s(5).
-14
Let r(p) = -110*p + 3848. Determine r(35).
-2
Let m(y) = 3*y**3 + 24*y**2 - 9*y - 67. Give m(-8).
5
Let d(a) = 13*a - 194. What is d(0)?
-194
Let p(q) = 2*q**3 + 78*q**2 + 2*q + 92. Give p(-39).
14
Let u(n) = 10*n**3 + 122*n**2 + 21*n - 36. Determine u(-12).
0
Let w(c) = -2*c**3 - 80*c**2 + 81*c - 23. Determine w(-41).
18
Le